{"id":1146,"date":"2019-01-16T13:01:52","date_gmt":"2019-01-16T13:01:52","guid":{"rendered":"https:\/\/woocommercecore.mystagingwebsite.com\/product\/t-shirt\/"},"modified":"2019-01-16T13:01:52","modified_gmt":"2019-01-16T13:01:52","slug":"t-shirt","status":"publish","type":"product","link":"https:\/\/refritechsp.com\/index.php\/produto\/t-shirt\/","title":{"rendered":"T-Shirt"},"content":{"rendered":"<p>Pellentesque habitant morbi tristique senectus et netus et malesuada fames ac turpis egestas. Vestibulum tortor quam, feugiat vitae, ultricies eget, tempor sit amet, ante. Donec eu libero sit amet quam egestas semper. Aenean ultricies mi vitae est. Mauris placerat eleifend leo.<\/p>\n","protected":false},"excerpt":{"rendered":"<p>This is a simple product.<\/p>\n","protected":false},"featured_media":1172,"comment_status":"open","ping_status":"closed","template":"","meta":[],"product_brand":[],"product_cat":[52],"product_tag":[],"class_list":{"0":"post-1146","1":"product","2":"type-product","3":"status-publish","4":"has-post-thumbnail","6":"product_cat-tshirts","8":"first","9":"instock","10":"shipping-taxable","11":"purchasable","12":"product-type-simple"},"yoast_head":"<!-- This site is optimized with the Yoast SEO plugin v27.2 - https:\/\/yoast.com\/product\/yoast-seo-wordpress\/ -->\n<title>T-Shirt - Refritech - Assist\u00eancia para Cozinhas Profissionais<\/title>\n<meta name=\"robots\" content=\"index, follow, max-snippet:-1, max-image-preview:large, max-video-preview:-1\" \/>\n<link rel=\"canonical\" href=\"https:\/\/refritechsp.com\/index.php\/produto\/t-shirt\/\" \/>\n<meta property=\"og:locale\" content=\"pt_BR\" \/>\n<meta property=\"og:type\" content=\"article\" \/>\n<meta property=\"og:title\" content=\"T-Shirt - Refritech - Assist\u00eancia para Cozinhas Profissionais\" \/>\n<meta property=\"og:description\" content=\"This is a simple product.\" \/>\n<meta property=\"og:url\" content=\"https:\/\/refritechsp.com\/index.php\/produto\/t-shirt\/\" \/>\n<meta property=\"og:site_name\" content=\"Refritech - Assist\u00eancia para Cozinhas Profissionais\" \/>\n<meta property=\"og:image\" content=\"https:\/\/refritechsp.com\/wp-content\/uploads\/2019\/01\/tshirt-2.jpg\" \/>\n\t<meta property=\"og:image:width\" content=\"801\" \/>\n\t<meta property=\"og:image:height\" content=\"801\" \/>\n\t<meta property=\"og:image:type\" content=\"image\/jpeg\" \/>\n<meta name=\"twitter:card\" content=\"summary_large_image\" \/>\n<script type=\"application\/ld+json\" class=\"yoast-schema-graph\">{\"@context\":\"https:\/\/schema.org\",\"@graph\":[{\"@type\":\"WebPage\",\"@id\":\"https:\/\/refritechsp.com\/index.php\/produto\/t-shirt\/\",\"url\":\"https:\/\/refritechsp.com\/index.php\/produto\/t-shirt\/\",\"name\":\"T-Shirt - Refritech - Assist\u00eancia para Cozinhas Profissionais\",\"isPartOf\":{\"@id\":\"https:\/\/refritechsp.com\/#website\"},\"primaryImageOfPage\":{\"@id\":\"https:\/\/refritechsp.com\/index.php\/produto\/t-shirt\/#primaryimage\"},\"image\":{\"@id\":\"https:\/\/refritechsp.com\/index.php\/produto\/t-shirt\/#primaryimage\"},\"thumbnailUrl\":\"https:\/\/refritechsp.com\/wp-content\/uploads\/2019\/01\/tshirt-2.jpg\",\"datePublished\":\"2019-01-16T13:01:52+00:00\",\"breadcrumb\":{\"@id\":\"https:\/\/refritechsp.com\/index.php\/produto\/t-shirt\/#breadcrumb\"},\"inLanguage\":\"pt-BR\",\"potentialAction\":[{\"@type\":\"ReadAction\",\"target\":[\"https:\/\/refritechsp.com\/index.php\/produto\/t-shirt\/\"]}]},{\"@type\":\"ImageObject\",\"inLanguage\":\"pt-BR\",\"@id\":\"https:\/\/refritechsp.com\/index.php\/produto\/t-shirt\/#primaryimage\",\"url\":\"https:\/\/refritechsp.com\/wp-content\/uploads\/2019\/01\/tshirt-2.jpg\",\"contentUrl\":\"https:\/\/refritechsp.com\/wp-content\/uploads\/2019\/01\/tshirt-2.jpg\",\"width\":801,\"height\":801},{\"@type\":\"BreadcrumbList\",\"@id\":\"https:\/\/refritechsp.com\/index.php\/produto\/t-shirt\/#breadcrumb\",\"itemListElement\":[{\"@type\":\"ListItem\",\"position\":1,\"name\":\"In\u00edcio\",\"item\":\"https:\/\/refritechsp.com\/\"},{\"@type\":\"ListItem\",\"position\":2,\"name\":\"Produtos\",\"item\":\"https:\/\/refritechsp.com\/index.php\/shop\/\"},{\"@type\":\"ListItem\",\"position\":3,\"name\":\"T-Shirt\"}]},{\"@type\":\"WebSite\",\"@id\":\"https:\/\/refritechsp.com\/#website\",\"url\":\"https:\/\/refritechsp.com\/\",\"name\":\"Refritech - Assist\u00eancia para Cozinhas Profissionais\",\"description\":\"Refrigeradores, freezers, c\u00e2maras de resfriamento e congelamento, fog\u00f5es, fritadeiras, chapas char broiler e mais!\",\"publisher\":{\"@id\":\"https:\/\/refritechsp.com\/#organization\"},\"potentialAction\":[{\"@type\":\"SearchAction\",\"target\":{\"@type\":\"EntryPoint\",\"urlTemplate\":\"https:\/\/refritechsp.com\/?s={search_term_string}\"},\"query-input\":{\"@type\":\"PropertyValueSpecification\",\"valueRequired\":true,\"valueName\":\"search_term_string\"}}],\"inLanguage\":\"pt-BR\"},{\"@type\":\"Organization\",\"@id\":\"https:\/\/refritechsp.com\/#organization\",\"name\":\"Refritech - Assist\u00eancia para Cozinhas Profissionais\",\"url\":\"https:\/\/refritechsp.com\/\",\"logo\":{\"@type\":\"ImageObject\",\"inLanguage\":\"pt-BR\",\"@id\":\"https:\/\/refritechsp.com\/#\/schema\/logo\/image\/\",\"url\":\"https:\/\/refritechsp.com\/wp-content\/uploads\/2021\/01\/Ativo-3.png\",\"contentUrl\":\"https:\/\/refritechsp.com\/wp-content\/uploads\/2021\/01\/Ativo-3.png\",\"width\":158,\"height\":66,\"caption\":\"Refritech - Assist\u00eancia para Cozinhas Profissionais\"},\"image\":{\"@id\":\"https:\/\/refritechsp.com\/#\/schema\/logo\/image\/\"},\"sameAs\":[\"https:\/\/www.instagram.com\/refritechcozinhas\/\"]}]}<\/script>\n<!-- \/ Yoast SEO plugin. -->","yoast_head_json":{"title":"T-Shirt - Refritech - Assist\u00eancia para Cozinhas Profissionais","robots":{"index":"index","follow":"follow","max-snippet":"max-snippet:-1","max-image-preview":"max-image-preview:large","max-video-preview":"max-video-preview:-1"},"canonical":"https:\/\/refritechsp.com\/index.php\/produto\/t-shirt\/","og_locale":"pt_BR","og_type":"article","og_title":"T-Shirt - Refritech - Assist\u00eancia para Cozinhas Profissionais","og_description":"This is a simple product.","og_url":"https:\/\/refritechsp.com\/index.php\/produto\/t-shirt\/","og_site_name":"Refritech - Assist\u00eancia para Cozinhas Profissionais","og_image":[{"width":801,"height":801,"url":"https:\/\/refritechsp.com\/wp-content\/uploads\/2019\/01\/tshirt-2.jpg","type":"image\/jpeg"}],"twitter_card":"summary_large_image","schema":{"@context":"https:\/\/schema.org","@graph":[{"@type":"WebPage","@id":"https:\/\/refritechsp.com\/index.php\/produto\/t-shirt\/","url":"https:\/\/refritechsp.com\/index.php\/produto\/t-shirt\/","name":"T-Shirt - Refritech - Assist\u00eancia para Cozinhas Profissionais","isPartOf":{"@id":"https:\/\/refritechsp.com\/#website"},"primaryImageOfPage":{"@id":"https:\/\/refritechsp.com\/index.php\/produto\/t-shirt\/#primaryimage"},"image":{"@id":"https:\/\/refritechsp.com\/index.php\/produto\/t-shirt\/#primaryimage"},"thumbnailUrl":"https:\/\/refritechsp.com\/wp-content\/uploads\/2019\/01\/tshirt-2.jpg","datePublished":"2019-01-16T13:01:52+00:00","breadcrumb":{"@id":"https:\/\/refritechsp.com\/index.php\/produto\/t-shirt\/#breadcrumb"},"inLanguage":"pt-BR","potentialAction":[{"@type":"ReadAction","target":["https:\/\/refritechsp.com\/index.php\/produto\/t-shirt\/"]}]},{"@type":"ImageObject","inLanguage":"pt-BR","@id":"https:\/\/refritechsp.com\/index.php\/produto\/t-shirt\/#primaryimage","url":"https:\/\/refritechsp.com\/wp-content\/uploads\/2019\/01\/tshirt-2.jpg","contentUrl":"https:\/\/refritechsp.com\/wp-content\/uploads\/2019\/01\/tshirt-2.jpg","width":801,"height":801},{"@type":"BreadcrumbList","@id":"https:\/\/refritechsp.com\/index.php\/produto\/t-shirt\/#breadcrumb","itemListElement":[{"@type":"ListItem","position":1,"name":"In\u00edcio","item":"https:\/\/refritechsp.com\/"},{"@type":"ListItem","position":2,"name":"Produtos","item":"https:\/\/refritechsp.com\/index.php\/shop\/"},{"@type":"ListItem","position":3,"name":"T-Shirt"}]},{"@type":"WebSite","@id":"https:\/\/refritechsp.com\/#website","url":"https:\/\/refritechsp.com\/","name":"Refritech - Assist\u00eancia para Cozinhas Profissionais","description":"Refrigeradores, freezers, c\u00e2maras de resfriamento e congelamento, fog\u00f5es, fritadeiras, chapas char broiler e mais!","publisher":{"@id":"https:\/\/refritechsp.com\/#organization"},"potentialAction":[{"@type":"SearchAction","target":{"@type":"EntryPoint","urlTemplate":"https:\/\/refritechsp.com\/?s={search_term_string}"},"query-input":{"@type":"PropertyValueSpecification","valueRequired":true,"valueName":"search_term_string"}}],"inLanguage":"pt-BR"},{"@type":"Organization","@id":"https:\/\/refritechsp.com\/#organization","name":"Refritech - Assist\u00eancia para Cozinhas Profissionais","url":"https:\/\/refritechsp.com\/","logo":{"@type":"ImageObject","inLanguage":"pt-BR","@id":"https:\/\/refritechsp.com\/#\/schema\/logo\/image\/","url":"https:\/\/refritechsp.com\/wp-content\/uploads\/2021\/01\/Ativo-3.png","contentUrl":"https:\/\/refritechsp.com\/wp-content\/uploads\/2021\/01\/Ativo-3.png","width":158,"height":66,"caption":"Refritech - Assist\u00eancia para Cozinhas Profissionais"},"image":{"@id":"https:\/\/refritechsp.com\/#\/schema\/logo\/image\/"},"sameAs":["https:\/\/www.instagram.com\/refritechcozinhas\/"]}]}},"jetpack_sharing_enabled":true,"_links":{"self":[{"href":"https:\/\/refritechsp.com\/index.php\/wp-json\/wp\/v2\/product\/1146","targetHints":{"allow":["GET"]}}],"collection":[{"href":"https:\/\/refritechsp.com\/index.php\/wp-json\/wp\/v2\/product"}],"about":[{"href":"https:\/\/refritechsp.com\/index.php\/wp-json\/wp\/v2\/types\/product"}],"replies":[{"embeddable":true,"href":"https:\/\/refritechsp.com\/index.php\/wp-json\/wp\/v2\/comments?post=1146"}],"wp:featuredmedia":[{"embeddable":true,"href":"https:\/\/refritechsp.com\/index.php\/wp-json\/wp\/v2\/media\/1172"}],"wp:attachment":[{"href":"https:\/\/refritechsp.com\/index.php\/wp-json\/wp\/v2\/media?parent=1146"}],"wp:term":[{"taxonomy":"product_brand","embeddable":true,"href":"https:\/\/refritechsp.com\/index.php\/wp-json\/wp\/v2\/product_brand?post=1146"},{"taxonomy":"product_cat","embeddable":true,"href":"https:\/\/refritechsp.com\/index.php\/wp-json\/wp\/v2\/product_cat?post=1146"},{"taxonomy":"product_tag","embeddable":true,"href":"https:\/\/refritechsp.com\/index.php\/wp-json\/wp\/v2\/product_tag?post=1146"}],"curies":[{"name":"wp","href":"https:\/\/api.w.org\/{rel}","templated":true}]}}